{"id":2127,"date":"2016-10-17T16:16:44","date_gmt":"2016-10-17T14:16:44","guid":{"rendered":"https:\/\/wine.ifcfood.cz\/?page_id=2127"},"modified":"2018-01-31T18:09:29","modified_gmt":"2018-01-31T16:09:29","slug":"cervena-vina","status":"publish","type":"page","link":"https:\/\/wine.ifcfood.cz\/?page_id=2127","title":{"rendered":"\u010cerven\u00e1 v\u00edna"},"content":{"rendered":"<p>[vc_row padding_top=&#8220;0&#8243; padding_bottom=&#8220;0&#8243;][vc_column width=&#8220;1\/4&#8243;][vc_single_image image=&#8220;2077&#8243; img_size=&#8220;full&#8220; alignment=&#8220;center&#8220; css=&#8220;.vc_custom_1475679868199{margin-bottom: 15px !important;}&#8220;][vc_column_text]Argentina<\/p>\n<p><a href=\"#goyenechea\">GOYENECHEA<\/a><\/p>\n<p>Carlos was honest and smart and had the highest personal integrity of anyone I have ever known about people.[\/vc_column_text][\/vc_column][vc_column width=&#8220;1\/4&#8243;][vc_single_image image=&#8220;2071&#8243; img_size=&#8220;full&#8220; alignment=&#8220;center&#8220; css=&#8220;.vc_custom_1475680055501{margin-bottom: 15px !important;}&#8220;][vc_column_text]Argentina<\/p>\n<p><a href=\"#fabre\">FABRE MONTMAYOU<\/a><\/p>\n<p>Short-order cooks have little to no cooking experience or education. They often work in lower level dining or fast food restaurants.[\/vc_column_text][\/vc_column][vc_column width=&#8220;1\/4&#8243;][vc_single_image image=&#8220;2075&#8243; img_size=&#8220;full&#8220; alignment=&#8220;center&#8220; css=&#8220;.vc_custom_1475680072167{margin-bottom: 15px !important;}&#8220;][vc_column_text]Argentina<\/p>\n<p><a href=\"#humberto\">HUMBERTO CANALE<\/a><\/p>\n<p>The sous chef is responsible for making sure the line chefs fulfill the executive chef\u2019s orders.[\/vc_column_text][\/vc_column][vc_column width=&#8220;1\/4&#8243;][vc_single_image image=&#8220;2074&#8243; img_size=&#8220;full&#8220;][vc_column_text]Uruguay<\/p>\n<p><a href=\"#pisano\">PISANO<\/a><\/p>\n<p>The sous chef is responsible for making sure the line chefs fulfill the executive chef\u2019s orders.[\/vc_column_text][\/vc_column][\/vc_row][vc_row row_id=&#8220;goyenechea&#8220;][vc_column]<div class=\"menu-heading-wrap\"><h2 class=\"\"><span>GOYENECHEA<\/span><\/h2><\/div><div class=\"restaurant-menu-item \"><div class=\"menu-text\"><div class=\"menu-title\"><span><\/span><\/div><div class=\"menu-desc-wrap\"><div class=\"menu-desc\"><span>Malbec Roble Varietales 2015<\/span><\/div><\/div><\/div><\/div><div class=\"restaurant-menu-item \"><div class=\"menu-text\"><div class=\"menu-title\"><span><\/span><\/div><div class=\"menu-desc-wrap\"><div class=\"menu-desc\"><span>Merlot Varietales 2014<\/span><\/div><\/div><\/div><\/div><div class=\"restaurant-menu-item \"><div class=\"menu-text\"><div class=\"menu-title\"><span><\/span><\/div><div class=\"menu-desc-wrap\"><div class=\"menu-desc\"><span>Syrah Varietales 2014<\/span><\/div><\/div><\/div><\/div><div class=\"restaurant-menu-item \"><div class=\"menu-text\"><div class=\"menu-title\"><span><\/span><\/div><div class=\"menu-desc-wrap\"><div class=\"menu-desc\"><span>Cabernet Sauvignon Varietales 2011<\/span><\/div><\/div><\/div><\/div><div class=\"restaurant-menu-item \"><div class=\"menu-text\"><div class=\"menu-title\"><span><\/span><\/div><div class=\"menu-desc-wrap\"><div class=\"menu-desc\"><span>Cabernet Sauvignon Centenario 2007<\/span><\/div><\/div><\/div><\/div><div class=\"restaurant-menu-item \"><div class=\"menu-text\"><div class=\"menu-title\"><span><\/span><\/div><div class=\"menu-desc-wrap\"><div class=\"menu-desc\"><span>Merlot Centenario 2014<\/span><\/div><\/div><\/div><\/div><div class=\"restaurant-menu-item \"><div class=\"menu-text\"><div class=\"menu-title\"><span><\/span><\/div><div class=\"menu-desc-wrap\"><div class=\"menu-desc\"><span>Malbec Quinta Generation 2013<\/span><\/div><\/div><\/div><\/div><div class=\"restaurant-menu-item \"><div class=\"menu-text\"><div class=\"menu-title\"><span><\/span><\/div><div class=\"menu-desc-wrap\"><div class=\"menu-desc\"><span>Cabernet Sauvignon Quinta Generation 2010<\/span><\/div><\/div><\/div><\/div><div class=\"restaurant-menu-item \"><div class=\"menu-text\"><div class=\"menu-title\"><span><\/span><\/div><div class=\"menu-desc-wrap\"><div class=\"menu-desc\"><span>Lorenza de Goyenechea Bonarda 2012<\/span><\/div><\/div><\/div><\/div><div class=\"restaurant-menu-item \"><div class=\"menu-text\"><div class=\"menu-title\"><span><\/span><\/div><div class=\"menu-desc-wrap\"><div class=\"menu-desc\"><span>135 Aniversario 2011<\/span><\/div><\/div><\/div><\/div>[\/vc_column][\/vc_row][vc_row row_id=&#8220;fabre&#8220;][vc_column]<div class=\"menu-heading-wrap\"><h2 class=\"\"><span>Fabre Montmayou<\/span><\/h2><\/div><div class=\"restaurant-menu-item \"><div class=\"menu-text\"><div class=\"menu-title\"><span><\/span><\/div><div class=\"menu-desc-wrap\"><div class=\"menu-desc\"><span>Malbec Phebus 2014<\/span><\/div><\/div><\/div><\/div><div class=\"restaurant-menu-item \"><div class=\"menu-text\"><div class=\"menu-title\"><span><\/span><\/div><div class=\"menu-desc-wrap\"><div class=\"menu-desc\"><span>Cabernet Sauvignon Phebus 2014<\/span><\/div><\/div><\/div><\/div><div class=\"restaurant-menu-item \"><div class=\"menu-text\"><div class=\"menu-title\"><span><\/span><\/div><div class=\"menu-desc-wrap\"><div class=\"menu-desc\"><span>Syrah Phebus 2015<\/span><\/div><\/div><\/div><\/div><div class=\"restaurant-menu-item \"><div class=\"menu-text\"><div class=\"menu-title\"><span><\/span><\/div><div class=\"menu-desc-wrap\"><div class=\"menu-desc\"><span>Cabernet Sauvignon \/ Merlot Phebus 2013<\/span><\/div><\/div><\/div><\/div><div class=\"restaurant-menu-item \"><div class=\"menu-text\"><div class=\"menu-title\"><span><\/span><\/div><div class=\"menu-desc-wrap\"><div class=\"menu-desc\"><span>Malbec \/ Syrah Phebus 2012<\/span><\/div><\/div><\/div><\/div><div class=\"restaurant-menu-item \"><div class=\"menu-text\"><div class=\"menu-title\"><span><\/span><\/div><div class=\"menu-desc-wrap\"><div class=\"menu-desc\"><span>Malbec Reserva Phebus 2014<\/span><\/div><\/div><\/div><\/div><div class=\"restaurant-menu-item \"><div class=\"menu-text\"><div class=\"menu-title\"><span><\/span><\/div><div class=\"menu-desc-wrap\"><div class=\"menu-desc\"><span>Malbec \/ Bonarda Phebus 2014<\/span><\/div><\/div><\/div><\/div><div class=\"restaurant-menu-item \"><div class=\"menu-text\"><div class=\"menu-title\"><span><\/span><\/div><div class=\"menu-desc-wrap\"><div class=\"menu-desc\"><span>Malbec Reserva 2015<\/span><\/div><\/div><\/div><\/div><div class=\"restaurant-menu-item \"><div class=\"menu-text\"><div class=\"menu-title\"><span><\/span><\/div><div class=\"menu-desc-wrap\"><div class=\"menu-desc\"><span>Magnum Malbec Reserva 2013<\/span><\/div><\/div><\/div><\/div><div class=\"restaurant-menu-item \"><div class=\"menu-text\"><div class=\"menu-title\"><span><\/span><\/div><div class=\"menu-desc-wrap\"><div class=\"menu-desc\"><span>Merlot Reserva 2012<\/span><\/div><\/div><\/div><\/div><div class=\"restaurant-menu-item \"><div class=\"menu-text\"><div class=\"menu-title\"><span><\/span><\/div><div class=\"menu-desc-wrap\"><div class=\"menu-desc\"><span>Cabernet Sauvignon Reserva 2008<\/span><\/div><\/div><\/div><\/div><div class=\"restaurant-menu-item \"><div class=\"menu-text\"><div class=\"menu-title\"><span><\/span><\/div><div class=\"menu-desc-wrap\"><div class=\"menu-desc\"><span>Malbec Gran Reserva 2012<\/span><\/div><\/div><\/div><\/div><div class=\"restaurant-menu-item \"><div class=\"menu-text\"><div class=\"menu-title\"><span><\/span><\/div><div class=\"menu-desc-wrap\"><div class=\"menu-desc\"><span>Magnum Malbec Gran Reserva 20134<\/span><\/div><\/div><\/div><\/div><div class=\"restaurant-menu-item \"><div class=\"menu-text\"><div class=\"menu-title\"><span><\/span><\/div><div class=\"menu-desc-wrap\"><div class=\"menu-desc\"><span>Cabernet Sauvignon Gran Reserva 2011<\/span><\/div><\/div><\/div><\/div><div class=\"restaurant-menu-item \"><div class=\"menu-text\"><div class=\"menu-title\"><span><\/span><\/div><div class=\"menu-desc-wrap\"><div class=\"menu-desc\"><span>Merlot Gran Reserva Infinitus 2011<\/span><\/div><\/div><\/div><\/div><div class=\"restaurant-menu-item \"><div class=\"menu-text\"><div class=\"menu-title\"><span><\/span><\/div><div class=\"menu-desc-wrap\"><div class=\"menu-desc\"><span>Grand Vin Gran Reserva 2011<\/span><\/div><\/div><\/div><\/div>[\/vc_column][\/vc_row][vc_row row_id=&#8220;humberto&#8220;][vc_column]<div class=\"menu-heading-wrap\"><h2 class=\"\"><span>Humberto Canale<\/span><\/h2><\/div><div class=\"restaurant-menu-item \"><div class=\"menu-text\"><div class=\"menu-title\"><span><\/span><\/div><div class=\"menu-desc-wrap\"><div class=\"menu-desc\"><span>Intimo Cabernet Sauvignon\/Merlot\/Malbec 2014<\/span><\/div><\/div><\/div><\/div><div class=\"restaurant-menu-item \"><div class=\"menu-text\"><div class=\"menu-title\"><span><\/span><\/div><div class=\"menu-desc-wrap\"><div class=\"menu-desc\"><span>Intimo Malbec 2013<\/span><\/div><\/div><\/div><\/div><div class=\"restaurant-menu-item \"><div class=\"menu-text\"><div class=\"menu-title\"><span><\/span><\/div><div class=\"menu-desc-wrap\"><div class=\"menu-desc\"><span>Intimo Cabernet Sauvignon 2009<\/span><\/div><\/div><\/div><\/div><div class=\"restaurant-menu-item \"><div class=\"menu-text\"><div class=\"menu-title\"><span><\/span><\/div><div class=\"menu-desc-wrap\"><div class=\"menu-desc\"><span>Malbec Estate 2014<\/span><\/div><\/div><\/div><\/div><div class=\"restaurant-menu-item \"><div class=\"menu-text\"><div class=\"menu-title\"><span><\/span><\/div><div class=\"menu-desc-wrap\"><div class=\"menu-desc\"><span>Pinot Noir Estate 2012<\/span><\/div><\/div><\/div><\/div><div class=\"restaurant-menu-item \"><div class=\"menu-text\"><div class=\"menu-title\"><span><\/span><\/div><div class=\"menu-desc-wrap\"><div class=\"menu-desc\"><span>Malbec Gran Reserva 2013<\/span><\/div><\/div><\/div><\/div><div class=\"restaurant-menu-item \"><div class=\"menu-text\"><div class=\"menu-title\"><span><\/span><\/div><div class=\"menu-desc-wrap\"><div class=\"menu-desc\"><span>Merlot Gran Reserva 2011<\/span><\/div><\/div><\/div><\/div><div class=\"restaurant-menu-item \"><div class=\"menu-text\"><div class=\"menu-title\"><span><\/span><\/div><div class=\"menu-desc-wrap\"><div class=\"menu-desc\"><span>Pinot Noir Gran Reserva 2007<\/span><\/div><\/div><\/div><\/div><div class=\"restaurant-menu-item \"><div class=\"menu-text\"><div class=\"menu-title\"><span><\/span><\/div><div class=\"menu-desc-wrap\"><div class=\"menu-desc\"><span>Cabernet Franc Gran Reserva 2009<\/span><\/div><\/div><\/div><\/div>[\/vc_column][\/vc_row][vc_row row_id=&#8220;pisano&#8220;][vc_column]<div class=\"menu-heading-wrap\"><h2 class=\"\"><span>Pisano<\/span><\/h2><\/div><div class=\"restaurant-menu-item \"><div class=\"menu-text\"><div class=\"menu-title\"><span><\/span><\/div><div class=\"menu-desc-wrap\"><div class=\"menu-desc\"><span>Tannat\/Merlot Cisplatino 2015<\/span><\/div><\/div><\/div><\/div><div class=\"restaurant-menu-item \"><div class=\"menu-text\"><div class=\"menu-title\"><span><\/span><\/div><div class=\"menu-desc-wrap\"><div class=\"menu-desc\"><span>Tannat Rio de los P\u00e1jaros 2013<\/span><\/div><\/div><\/div><\/div><div class=\"restaurant-menu-item \"><div class=\"menu-text\"><div class=\"menu-title\"><span><\/span><\/div><div class=\"menu-desc-wrap\"><div class=\"menu-desc\"><span>Pinot Noir Rio de los P\u00e1jaros 2014<\/span><\/div><\/div><\/div><\/div><div class=\"restaurant-menu-item \"><div class=\"menu-text\"><div class=\"menu-title\"><span><\/span><\/div><div class=\"menu-desc-wrap\"><div class=\"menu-desc\"><span>Syrah Reserva Personel de la Fam\u00edlia 2010<\/span><\/div><\/div><\/div><\/div><div class=\"restaurant-menu-item \"><div class=\"menu-text\"><div class=\"menu-title\"><span><\/span><\/div><div class=\"menu-desc-wrap\"><div class=\"menu-desc\"><span>Tannat Reserva Personel de la Fam\u00edlia 2010<\/span><\/div><\/div><\/div><\/div><div class=\"restaurant-menu-item \"><div class=\"menu-text\"><div class=\"menu-title\"><span><\/span><\/div><div class=\"menu-desc-wrap\"><div class=\"menu-desc\"><span>Pinot Noir Reserva Personel de la Fam\u00edlia 2006<\/span><\/div><\/div><\/div><\/div><div class=\"restaurant-menu-item \"><div class=\"menu-text\"><div class=\"menu-title\"><span><\/span><\/div><div class=\"menu-desc-wrap\"><div class=\"menu-desc\"><span>Petit Verdot Reserva Personel de la Fam\u00edlia 2010<\/span><\/div><\/div><\/div><\/div><div class=\"restaurant-menu-item \"><div class=\"menu-text\"><div class=\"menu-title\"><span><\/span><\/div><div class=\"menu-desc-wrap\"><div class=\"menu-desc\"><span>Axis Mundi Super Premium Tannat 2002<\/span><\/div><\/div><\/div><\/div>[\/vc_column][\/vc_row]<\/p>\n","protected":false},"excerpt":{"rendered":"<p>[vc_row padding_top=&#8220;0&#8243; padding_bottom=&#8220;0&#8243;][vc_column width=&#8220;1\/4&#8243;][vc_single_image image=&#8220;2077&#8243; img_size=&#8220;full&#8220; alignment=&#8220;center&#8220; css=&#8220;.vc_custom_1475679868199{margin-bottom: 15px !important;}&#8220;][vc_column_text]Argentina GOYENECHEA Carlos was honest and smart and had the highest personal integrity of anyone I have ever known about people.[\/vc_column_text][\/vc_column][vc_column width=&#8220;1\/4&#8243;][vc_single_image image=&#8220;2071&#8243; img_size=&#8220;full&#8220; alignment=&#8220;center&#8220; css=&#8220;.vc_custom_1475680055501{margin-bottom: 15px !important;}&#8220;][vc_column_text]Argentina FABRE MONTMAYOU Short-order cooks have little to no cooking experience or education. They often work in lower level [&hellip;]<\/p>\n","protected":false},"author":4,"featured_media":0,"parent":0,"menu_order":0,"comment_status":"closed","ping_status":"closed","template":"","meta":{"_monsterinsights_skip_tracking":false,"_monsterinsights_sitenote_active":false,"_monsterinsights_sitenote_note":"","_monsterinsights_sitenote_category":0,"footnotes":""},"_links":{"self":[{"href":"https:\/\/wine.ifcfood.cz\/index.php?rest_route=\/wp\/v2\/pages\/2127"}],"collection":[{"href":"https:\/\/wine.ifcfood.cz\/index.php?rest_route=\/wp\/v2\/pages"}],"about":[{"href":"https:\/\/wine.ifcfood.cz\/index.php?rest_route=\/wp\/v2\/types\/page"}],"author":[{"embeddable":true,"href":"https:\/\/wine.ifcfood.cz\/index.php?rest_route=\/wp\/v2\/users\/4"}],"replies":[{"embeddable":true,"href":"https:\/\/wine.ifcfood.cz\/index.php?rest_route=%2Fwp%2Fv2%2Fcomments&post=2127"}],"version-history":[{"count":14,"href":"https:\/\/wine.ifcfood.cz\/index.php?rest_route=\/wp\/v2\/pages\/2127\/revisions"}],"predecessor-version":[{"id":2299,"href":"https:\/\/wine.ifcfood.cz\/index.php?rest_route=\/wp\/v2\/pages\/2127\/revisions\/2299"}],"wp:attachment":[{"href":"https:\/\/wine.ifcfood.cz\/index.php?rest_route=%2Fwp%2Fv2%2Fmedia&parent=2127"}],"curies":[{"name":"wp","href":"https:\/\/api.w.org\/{rel}","templated":true}]}}